t?
13
Suppose -b - 2*x + 26 = 3*x, 19 = -b + 4*x. Let y be (-1)/(-1) + b/1. Suppose -2*l - 3*r = y*r - 16, 3*r = -3*l + 15. List the prime factors of l.
3
Let y(n) = -n**2 - 4*n + 796. List the prime factors of y(0).
2, 199
Let v be (-5 + -2)/(-4 - -3). Suppose v*p - 4*p = 210. List the prime factors of p.
2, 5, 7
Let d = -58 - -83. What are the prime factors of (d*(1 + -7))/(-2)?
3, 5
Suppose -6*j + 6380 + 16978 = 0. List the prime factors of j.
17, 229
Suppose -u - 3*u + 3*l - 169 = 0, -9 = -3*l. Let z = 69 + -137. Let p = u - z. List the prime factors of p.
2, 7
Suppose -11*i - 24 = -14*i. Suppose 3*u = i*u + 225. What are the prime factors of u/2*4/(-5)?
2, 3
Let y = 2898 - 1334. What are the prime factors of y?
2, 17, 23
Let a = -252 + 256. Suppose k - 6*k = -2*z - 110, -4*k + z = -85. Suppose 0*w = -a*w + k. List the prime factors of w.
5
Suppose -9*s + 18 = -3042. List the prime factors of s.
2, 5, 17
Let r(s) = -s**3 + 3*s + 5. Let i be r(-2). Suppose i*o = 4*o + 339. List the prime factors of o.
113
What are the prime factors of (-39)/52 - 3479/(-4)?
11, 79
Let g be 0/(4 - 10 - -1). Suppose g = -2*o - 4*o + 636. What are the prime factors of o?
2, 53
Let n be 291 + (-3)/1 + (7 - 4). Suppose -359 = -5*i + n. List the prime factors of i.
2, 5, 13
Let j(x) = -6*x**2 + 12 + 4*x**2 + 3*x - 10 - x**3. Let z be j(-3). List the prime factors of 235/10 - 3/z.
2, 11
Let q(c) be the second derivative of -c**5/20 + 7*c**4/12 + c**3/2 - 7*c**2/2 - c. Let t be 9/(-10 + 7) - -10. List the prime factors of q(t).
2, 7
What are the prime factors of (16 + -4)/(-48) - 6698/(-8)?
3, 31
Suppose 0 = o + 1 - 3, -4*z + 4*o = -11340. What are the prime factors of z?
2837
Suppose p = 5*d - 0*d - 10633, -4*d = -3*p - 8502. List the prime factors of d.
3, 709
Suppose -2*u = -4*h + 9292, 1003 = -4*h - u + 10295. List the prime factors of h.
23, 101
Let t(a) = -a**3 + 7*a**2 - 8*a + 9. Let d be t(5). Suppose -d = -2*b + 497. List the prime factors of b.
2, 3, 43
List the prime factors of ((-126)/4 - 4)/(-2)*12.
3, 71
What are the prime factors of -4*(-135 + (0 - 7))?
2, 71
Suppose 2*q - 89 = 25. Let f = q + -40. List the prime factors of f.
17
Let k = -646 + 1114. List the prime factors of k.
2, 3, 13
Let t(g) = 172*g**2 + 28*g + 75. What are the prime factors of t(-3)?
3, 19
Suppose a + 146 = 390. What are the prime factors of a?
2, 61
Suppose 0 = 3*r + q - 1051 - 436, -2*q = -3*r + 1472. What are the prime factors of r?
2, 13, 19
Let a = 5 + -1. Suppose 0 = -r + i + 22 + 21, -a*r + 148 = 4*i. Suppose -12 = 2*b - r. List the prime factors of b.
2, 7
Let k be 0/(1/(3/3)). Suppose 4*u - 2*b - 112 = k, -3*b = -4*b - 2. What are the prime factors of u?
3
Suppose -o = -2*b - 595, 21*o - 19*o - 1190 = -b. What are the prime factors of o?
5, 7, 17
Suppose 0 = -0*b - 2*b - b. Suppose 6*c - 6 - 72 = b. What are the prime factors of c?
13
Let w = 36 + -37. List the prime factors of w + (-35)/(-25) - (-418)/5.
2, 3, 7
Let k be 3 + (0 + 2)/2. Suppose h = -5*z - 6 + 61, -5*h = -k*z - 188. Suppose -n = -0*n + w - 26, -2*n + h = -w. List the prime factors of n.
2, 11
Let i(g) = -g**3 + 2*g**2 + 24*g + 888. What are the prime factors of i(0)?
2, 3, 37
Let l(q) = -7*q**3 + 15 + 2*q**3 - 10*q**2 - 9*q + 6*q**3 + 0*q**3. List the prime factors of l(11).
37
Suppose -12 = 3*r, -2*u = -4*r - 135 - 23. Suppose 0 = 2*x + o - 460, 0 = 4*x + 4*o - 991 + u. What are the prime factors of x?
2, 5, 23
Let o(i) be the second derivative of 11*i**5/120 - i**4/24 + i**3/6 + 6*i. Let c(u) be the second derivative of o(u). What are the prime factors of c(3)?
2
Let g be 1/(-3*1/(-309)). Let m = -148 + g. What are the prime factors of (-1)/(m/22 - -2)?
2, 11
Let s = 0 - -11. Let m = s - 10. Let v(c) = 17*c - 1. What are the prime factors of v(m)?
2
Let i(w) = w**3 + 4*w**2 + 4. Let s be i(-4). Suppose -517 = 5*c + s*j, -3*c = -c - 2*j + 214. Let l = 149 + c. What are the prime factors of l?
2, 11
Let s = 37 - 37. Suppose 2*t + n + n - 114 = s, 0 = 5*t - 2*n - 285. What are the prime factors of t?
3, 19
Let c(l) = 635*l - 74. What are the prime factors of c(1)?
3, 11, 17
Suppose 9*p - 5*p - 204 = 0. Let y = p + -32. List the prime factors of y.
19
Suppose 0 = 4*t - 3*j - 472, -4*j = 5*t - t - 444. Let u = 8 - 3. Suppose -2*q + 6*q + 3*b - 99 = 0, u*q - 5*b - t = 0. What are the prime factors of q?
2, 3
Suppose -135 - 10 = 5*g. Let q = g - -74. List the prime factors of q.
3, 5
Suppose -5*i + 7 = 2. Suppose 2*w = x, w - i + 4 = 2*x. What are the prime factors of (0/x)/(-4) + 5?
5
Suppose -62 = -3*a + v, -5*a + 2*a + 2*v = -61. List the prime factors of a.
3, 7
Suppose -62 = 2*f - 68. What are the prime factors of 826/f - -5*(-12)/(-90)?
2, 3, 23
Let o(m) = -m + 1. Let b be o(-1). Suppose 12 = -2*l - 4*v, 3*l + 3*v = -2*l - 2. Suppose -b*n - 2*f = l*f - 66, -3*f - 165 = -5*n. List the prime factors of n.
3, 11
Let m = 1475 + -492. What are the prime factors of m?
983
Let j(t) be the second derivative of -t**5/20 - 11*t**4/12 + 5*t**3/2 + 2*t**2 - 22*t. What are the prime factors of j(-13)?
3, 7
Suppose 3*k - 4*f - 27 = 0, -2*k = 2*k + 5*f - 5. Suppose 0 = 4*r + 5*g + 13, k*g - 2*g + 9 = -2*r. List the prime factors of r.
3
What are the prime factors of (-4)/(-14) - (-5)/(35/4051)?
3, 193
List the prime factors of 20/(-40)*(-2582)/1.
1291
Let n(m) = 401*m**3 + m**2 + m - 1. List the prime factors of n(1).
2, 3, 67
Let v = 1 - 0. Suppose -420*p = -429*p + 441. Let i = v + p. List the prime factors of i.
2, 5
Let p(o) = -o**3 + 5*o**2 + 8*o - 8. Let t be p(6). Let q be (-2)/(-5) - t/10. Suppose -2*x + 8*x - 174 = q. What are the prime factors of x?
29
Let b be 4/(12/15) + -3. Suppose -m - m + b = 0. Let x = m - -5. What are the prime factors of x?
2, 3
Suppose 21162 + 5844 = 14*x. What are the prime factors of x?
3, 643
Let h(o) = -o**2 + 24*o - 38. List the prime factors of h(12).
2, 53
List the prime factors of (-141280)/(-90) + (-2)/45*-5.
2, 5, 157
List the prime factors of (-926)/4*(19 + -33).
7, 463
Let s(v) = -51*v + 2430. What are the prime factors of s(0)?
2, 3, 5
Let u be (-4)/(-12) - 2562/(-9). Suppose 2*w - 4*w - 100 = -m, -3*m + u = -w. List the prime factors of m.
2, 47
Suppose -3*a = -4*q + 23, 0 = -q + 2*a - 0*a + 2. Let n = -6 - -8. Suppose n*r - q - 20 = 0. What are the prime factors of r?
2, 7
Let d be 148/15 + (-26)/(-195). Let n(u) = u**2 - 2*u + 10. List the prime factors of n(d).
2, 3, 5
Suppose -2*z = -q - 16, -2*z - 4*q = -2 - 4. Suppose b = 2*k + 113, 2*k - 10 = z*k. What are the prime factors of b?
109
Suppose 0 = 2*x - 167 - 101. Let l = x - 85. List the prime factors of l.
7
Let b(v) = -13 - 5 + 0*v**2 - 20*v + v**2 - 2*v**2. Let w be b(-14). Let h = w - 42. List the prime factors of h.
2, 3
Let c be (260/78)/(4/6). Suppose -j = -c*q - 240, -j + 4*q + 286 = 42. List the prime factors of j.
2, 5, 13
Suppose -5*g + 20 = -k, -3*k - g - g + 8 = 0. Suppose k = 8*y - 10*y + 56. What are the prime factors of y?
2, 7
Suppose -40 - 2 = -3*m. What are the prime factors of (m/5)/((-3)/(-15))?
2, 7
Let w be -1*(-2)/(10/365). Let n = 164 - w. List the prime factors of n.
7, 13
Let u(c) be the third derivative of -5*c**2 + 0*c - 1/60*c**5 + 7/6*c**3 - 13/24*c**4 + 0. What are the prime factors of u(-12)?
19
Let m = 37 - 98. Let x = m + 237. What are the prime factors of x?
2, 11
Suppose -q - 3*q + 287 = -3*m, 3*m - 379 = -5*q. Let i = q - 36. List the prime factors of i.
2, 19
Let d = 11 - 13. Let l be (-3)/(d - (-2 - -1)). Suppose -2*h - 2*r + 44 = 0, l*h + r + 63 = 7*h. List the prime factors of h.
17
Suppose -y = -2*t - 8, -12 = y - 6*y + 3*t. Suppose d + 105 - 281 = y. What are the prime factors of d?
2, 11
Let y be (101 + -5)*2/4. Suppose 3*i - y = -i. Suppose -z = 2*z - i. What are the prime factors of z?
2
Let n(m) = 3 + 6*m**2 - 3*m**3 - 3*m - 4*m**2 + 2*m**3 - 4*m**2. What are the prime factors of n(-4)?
47
Let i(u) = u**2 + u + 2. Let j be i(0). Suppose 1 = -4*k - 3*m, 5*m - 2 = 3. What are the prime factors of k/(39/21 - j)?
7
Suppose 3695 = u + 2*c, -5*c + 14783 = 13*u - 9*u. What are the prime factors of u?
3697
Let m(p) = -p**3 - 2*p**2 + 15*p - 4. Let n be (14/(-5))/((-6)/(-15)). What are the prime factors of m(n)?
2, 17
Let f be (-6 - -3)/3 + 2 + 0. List the prime factors